e the greatest common factor of 1820 and 6369580.
140
Calculate the greatest common divisor of 23170 and 177800.
70
What is the greatest common divisor of 70 and 93320?
10
Calculate the highest common divisor of 43470 and 83971620.
6210
What is the greatest common divisor of 24 and 55870902?
6
What is the highest common divisor of 101677 and 16643?
17
Calculate the highest common factor of 1024713156 and 36.
12
What is the greatest common factor of 64426852 and 16?
4
What is the highest common divisor of 1195575 and 13125?
75
What is the greatest common divisor of 21670656 and 297192?
4872
What is the greatest common divisor of 5511 and 916872?
33
What is the highest common factor of 660 and 16334835?
165
Calculate the greatest common divisor of 391651280 and 100.
20
What is the highest common factor of 10121510 and 4?
2
What is the greatest common factor of 40 and 1087390?
10
What is the highest common divisor of 5294856665 and 8519?
8519
What is the greatest common divisor of 44689818 and 6?
6
What is the highest common divisor of 304928 and 7696?
208
Calculate the highest common factor of 175226950 and 50.
50
What is the highest common factor of 76856248 and 1104?
184
What is the greatest common factor of 12 and 8104854?
6
What is the greatest common factor of 570584 and 22264?
184
Calculate the greatest common divisor of 32878683 and 972.
27
Calculate the greatest common divisor of 4384656 and 31896.
72
Calculate the highest common factor of 362293412 and 4732.
676
Calculate the greatest common factor of 330 and 149382255.
165
Calculate the highest common factor of 880 and 6509800.
440
Calculate the highest common factor of 297 and 112525578.
297
Calculate the greatest common divisor of 5871 and 14703.
3
Calculate the greatest common factor of 282282 and 319506.
3102
Calculate the highest common divisor of 25938 and 403203328.
2882
Calculate the greatest common factor of 1448376759 and 9.
9
Calculate the highest common divisor of 210 and 243709710.
30
What is the greatest common factor of 546275 and 1775?
25
What is the greatest common factor of 40215425 and 100?
25
Calculate the greatest common factor of 56893820 and 500.
20
Calculate the greatest common divisor of 18704 and 4432.
16
What is the greatest common factor of 104921 and 2151?
239
Calculate the greatest common factor of 700063 and 4914.
91
Calculate the highest common divisor of 3146210 and 20.
10
Calculate the greatest common divisor of 6684800 and 1152.
128
What is the highest common divisor of 14262500 and 10269?
1141
What is the highest common factor of 12617 and 4600431?
341
Calculate the highest common factor of 1782 and 13122.
162
Calculate the highest common divisor of 1386 and 22701525.
231
What is the greatest common divisor of 80468694 and 729?
27
Calculate the greatest common factor of 63166151 and 97743.
1051
What is the greatest common divisor of 2883 and 260230151?
961
What is the greatest common divisor of 203021595 and 105?
105
What is the highest common divisor of 40657298 and 4686?
1562
What is the greatest common factor of 6105048 and 132?
12
Calculate the highest common divisor of 2238752 and 30960.
688
What is the highest common divisor of 27 and 6298974?
9
Calculate the greatest common factor of 14649 and 52383.
57
Calculate the greatest common divisor of 7460 and 338311.
373
Calculate the greatest common divisor of 666074510 and 40.
10
Calculate the highest common divisor of 367156965 and 36540.
3045
What is the greatest common divisor of 1322624 and 1408?
128
Calculate the greatest common factor of 1238433 and 3927.
357
What is the highest common factor of 7120432 and 178112?
4048
What is the greatest common divisor of 8 and 6517156?
4
Calculate the highest common divisor of 158381124 and 132.
132
Calculate the greatest common divisor of 5907990854 and 706.
706
Calculate the highest common divisor of 722601 and 24948.
891
What is the greatest common divisor of 119128 and 56?
8
Calculate the greatest common factor of 76 and 29625104.
76
What is the highest common divisor of 853343 and 2037089?
2377
Calculate the highest common divisor of 5116455 and 225.
45
Calculate the highest common factor of 134050 and 113750.
350
Calculate the highest common divisor of 734 and 2686440.
734
What is the highest common factor of 13174 and 109192699?
6587
Calculate the highest common divisor of 24629 and 9003019.
2239
What is the greatest common factor of 68 and 125052306?
34
What is the highest common divisor of 5169 and 1459446474?
5169
Calculate the greatest common divisor of 10682 and 14432908.
1526
What is the greatest common factor of 238648240 and 830?
830
Calculate the highest common factor of 42829054 and 16749.
1861
What is the highest common divisor of 52 and 288523274?
26
What is the greatest common factor of 189600 and 122845?
395
Calculate the greatest common factor of 10616450 and 390.
130
What is the highest common factor of 665702820 and 9290?
9290
Calculate the greatest common factor of 262720 and 1055.
5
What is the greatest common divisor of 14227708 and 88?
44
Calculate the greatest common divisor of 163 and 385697609.
163
Calculate the greatest common divisor of 15048 and 5643396.
396
What is the greatest common divisor of 609 and 1313823?
21
Calculate the greatest common divisor of 1577600 and 21895.
145
What is the highest common factor of 18200 and 212100?
700
Calculate the highest common divisor of 2185937 and 3258.
181
Calculate the greatest common divisor of 5396244 and 862584.
3396
What is the greatest common divisor of 143351263 and 31405?
6281
What is the highest common divisor of 5387144 and 560?
56
What is the highest common factor of 189 and 9418059?
189
Calculate the highest common factor of 9130992 and 312.
312
Calculate the greatest common divisor of 102 and 574578.
6
Calculate the greatest common factor of 35625 and 492.
3
Calculate the greatest common divisor of 186 and 3681436.
62
What is the greatest common divisor of 240 and 1271524560?
240
Calculate the highest common divisor of 7395 and 68185.
5
What is the greatest common factor of 1099512 and 300?
12
Calculate the greatest common divisor of 127971206 and 13266.
1474
What is the highest common factor of 6772 and 1542?
2
What is the greatest common divisor of 95290 and 17186?
26
What is the greatest common factor of 26690650 and 350?
350
Calculate the highest common factor of 2228304 and 195.
39
Calculate the highest common divisor of 11303918 and 6187.
269
Calculate the greatest common divisor of 836 and 7920682.
418
Calculate the highest common divisor of 338094032 and 64.
16
What is the greatest common divisor of 39300 and 923700?
300
Calculate the highest common divisor of 273361772 and 232.
116
What is the greatest common factor of 16261777 and 1197?
133
Calculate the greatest common factor of 4457553 and 7854.
51
What is the greatest common factor of 1 and 603795449?
1
What is the greatest common divisor of 76871824 and 816?
272
Calculate the highest common factor of 7722 and 32132430.
594
What is the highest common divisor of 40 and 90143620?
20
Calculate the highest common factor of 7777 and 1098369041.
7777
What is the highest common factor of 13 and 497947931?
13
Calculate the greatest common factor of 2560 and 230800.
80
What is the highest common divisor of 2054 and 643376?
158
What is the highest common divisor of 104 and 25450503?
13
What is the greatest common divisor of 1035776 and 10570?
14
What is the greatest common factor of 18177200 and 2320?
2320
What is the greatest common divisor of 422 and 7401247?
211
What is the highest common factor of 18042 and 69688?
62
Calculate the highest common divisor of 18900 and 15975400.
700
What is the greatest common divisor of 94305 and 61455?
15
Calculate the highest common factor of 1571430264 and 3686.
3686
What is the greatest common divisor of 160446 and 761046?
858
What is the greatest common divisor of 348 and 600528?
12
Calculate the highest common factor of 322 and 18030436.
46
Calculate the greatest common factor of 35 and 31855.
5
What is the highest common factor of 7125 and 393113325?
1425
Calculate the greatest common divisor of 1451311914 and 1794.
1794
Calculate the greatest common divisor of 920 an